 + -41. Let l be (-6)/q - 48/(-26). Is (4/(-12))/(l/(-978)) prime?
True
Let i be (0 - -111)/((-4)/(-2))*4. Suppose -90 = 4*c - i. Is c a prime number?
False
Suppose 5*f = 5*h + 168660, 3*f + 0*f - 101186 = 5*h. Is f a prime number?
False
Let g(b) = -2*b**3 - b**2 + b + 2. Let w be (-1 - 2) + 0 + 1. Let m be g(w). Suppose -10 = -p + m. Is p composite?
True
Suppose 3*y - 5*y + 2*l + 8 = 0, -2*y + 4*l = 0. Suppose 19715 = -3*h + y*h. Is h prime?
True
Suppose 0 = -2*h - 8, -3*o = 2*o + 3*h - 13. Let s(d) = -d + 5. Let f be s(o). Suppose 91 = -f*x + x. Is x a prime number?
False
Suppose -4*p - 3 = 3*v, -2*p + 3 = 2*v + v. Suppose -101 = -2*f + v*f. Let i = 8 - f. Is i prime?
True
Let p(n) = 2197*n**2 - 7*n + 5. Is p(2) prime?
True
Let s(g) = -2*g**3 + 3*g**2 - 3*g - 4. Let w be s(-4). Suppose t + d = w, d = -5*t - 0*d + 932. Is t a prime number?
False
Suppose 4*x + 2*z = -0*z + 2, 5*x - 2*z = 16. Suppose -3*o = 15, 5*c + x*o - 553 - 1832 = 0. Is c prime?
True
Suppose v = g - 2938, v - 1215 = 4*g - 12952. Is g a prime number?
False
Suppose -2*l = l - 924. Suppose 4*q = -4, 2*p + 214 + l = 4*q. Is -2*p/4*2 composite?
False
Let l(k) = -46*k**3 - k**2 - 6*k - 3. Suppose 4*w - 3*n + 9 = -2*n, 4*w + 5*n = -3. Is l(w) a prime number?
True
Let x = 868 + -3. Is x a prime number?
False
Let u = 18822 - 5443. Is u a composite number?
True
Let k = -12 + 16. Suppose -5*u - 6*a + 16 = -k*a, 2*u = -a + 7. Suppose 0 = -u*g + 7*g - 35. Is g a prime number?
True
Let y be 12/(-16) + 46/8. Suppose -2*i = -4*i, -y*i + 83 = o. Is o prime?
True
Let q(r) be the second derivative of r**7/2520 + 13*r**6/720 + 3*r**5/20 + 5*r**4/12 + 2*r. Let z(m) be the third derivative of q(m). Is z(-12) prime?
False
Let w(g) = 26202*g + 1. Is w(3) a composite number?
False
Is (-5)/25 + 52892/35 prime?
True
Let u(o) = 62*o - 67. Is u(19) a composite number?
True
Let b be (-10 - -1)/(12/(-528)). Let j = -281 + b. Is j a prime number?
False
Let g be (-8)/32 - (-21)/4. Suppose 4*c - 5*q = 1177, -2*c + 152 = -g*q - 439. Is c prime?
True
Let a(l) = -20*l - 42. Suppose 2*z + 0*x + 9 = -5*x, z - 3 = -4*x. Is a(z) a prime number?
False
Let d(j) = -258*j**2 - 3*j - 2. Let o be d(-1). Let f = o - -376. Is f composite?
True
Let w = 10769 - 2580. Is w a prime number?
False
Let o(h) = 6 - 10 + 6*h + 0*h + 2. Let r be o(1). Suppose 3*w - 3 = 0, -r*m - 2*w + 2295 = w. Is m a prime number?
False
Let u be (3/(-6) + 0)*-866. Suppose 0 = 99*d - 95*d - 248. Let z = u - d. Is z prime?
False
Let c(l) = 119*l**2 - 7. Let n(r) = 118*r**2 - 6. Let u = 21 + -15. Let q(d) = u*n(d) - 5*c(d). Is q(2) composite?
True
Let b = 34 - 55. Is 3544/28 + (-9)/b a prime number?
True
Let v be (9/(-5) + 3)*-5. Let n be 0/((-4)/(8/v)). Suppose n = w - 1 - 156. Is w prime?
True
Suppose -3*p + 56 = p. Let x be 705/6 - 21/p. Is (x/(-8))/((-4)/40) composite?
True
Let t(z) = 4*z**2 - 2*z - 2. Let m be 6/3 - (-9)/3. Let u be t(m). Is (-4)/(-22) - (-4824)/u prime?
False
Let h(s) = -1709*s**3 - 2*s**2 - 2*s. Is h(-1) prime?
True
Let k = -18809 + 44236. Is k a prime number?
False
Suppose -2732 - 3767 = -d. Is d a composite number?
True
Let m = -1874 + 174. Let g = -807 - m. Is g a prime number?
False
Let i(l) = 233*l**2 + 2*l + 8. Let r be i(3). Let t = r + -1234. Is t composite?
False
Let r(w) = 18*w**2 + 12*w + 91. Is r(9) a prime number?
True
Suppose 6022 = 13*x - 15*x. Let f = x + 9154. Is f composite?
False
Let u(a) = a**2 + 19*a + 20. Let q be u(-18). Suppose 3 = m, -q*o + 425 = 4*m + m. Is o a composite number?
True
Let r(x) = 2*x - 14. Let b be r(9). Suppose 2*n = b*l - 180, -l = -2*n + 5*n - 31. Is l prime?
True
Is (4 + (-29)/6)*(-8 + -54538) a composite number?
True
Let w(v) = 1700*v - 71. Is w(2) a prime number?
True
Let z(p) = 4*p + 9. Let f(c) = -3*c - 10. Let t(m) = -5*f(m) - 6*z(m). Let g = -139 + 132. Is t(g) composite?
False
Let g(q) be the third derivative of q**7/2520 - 7*q**6/720 + q**5/40 - q**4/8 - 4*q**2. Let r(s) be the second derivative of g(s). Is r(9) composite?
True
Let a be 2116/(-16)*-11 - 12/16. Let y = a + 303. Is y composite?
True
Let k be -1*-2*(-1)/(-2). Suppose -2*o + i + 6 = 0, 2 = o + 3*i - k. Suppose -3*z + 384 = -l, o*l = -5*z - 0*l + 626. Is z composite?
False
Let b(q) = 6*q + 7*q + 3 - 14*q + 2*q. Let r be b(-6). Is (r - -1)/1 + 411 composite?
False
Suppose 3*v - 32 = -5*p + 5*v, -2*v + 8 = 0. Suppose -p*l + l + 10073 = 0. Is l a composite number?
False
Let a be ((-6)/(-15))/(2/50). Let o be a/(-35) - (-52)/(-14). Is o/10 + 2091/15 a composite number?
False
Suppose 9*d - 14*d + 20 = 0. Suppose -2*k - f + 101 = 0, -3*k + 186 - 27 = d*f. Is k prime?
False
Let b = 1544 - 1098. Is b prime?
False
Suppose -2 - 4 = -3*k. Suppose 0 = k*p - 2*c - 74, -5 + 1 = 2*c. Is p prime?
False
Let h(d) = 3*d**3 - 11*d**2 + d + 15. Let c(y) = -2*y**3 + 11*y**2 - 2*y - 14. Let q(r) = 4*c(r) + 3*h(r). Is q(-10) a prime number?
True
Is (39681/(-15))/((-1)/(-3 + 8)) composite?
True
Suppose -18 + 2 = -2*n. Let y = n + 94. Suppose 3*q + y = 501. Is q composite?
True
Suppose 0 = 2*w + 30 - 56. Let m(z) = 215*z + 12. Is m(w) a prime number?
False
Let n(b) = -b**3 - 10*b**2 + 5*b - 15. Suppose 3*v = 7 + 5. Suppose 3*y - 31 = 4*j + 15, -34 = 2*j + v*y. Is n(j) prime?
False
Suppose 64708 = 3*g - g - 2*v, 2*g + 5*v - 64701 = 0. Is g prime?
True
Is ((-7609)/28)/(14/(-1624)) composite?
True
Let w(a) = a**3 - 3*a**2 - 5*a + 1. Let j(n) = -2*n**3 + 6*n**2 + 10*n - 1. Let o = -14 - -9. Let y(d) = o*w(d) - 2*j(d). Is y(-4) a prime number?
True
Let l = -56 + 44. Let i(k) = 7*k**2 + 14*k - 1. Is i(l) a prime number?
True
Let w(q) = -41015*q + 36. Is w(-1) composite?
False
Let d be (16 - (-7 - -4))*2. Suppose -r + d = -315. Is r composite?
False
Suppose 3*o = 11629 + 8504. Is o a prime number?
False
Suppose 4*o + 4577 = 3*t, -2*o = -4*o - 2*t - 2306. Let k = -669 - o. Is k composite?
False
Let a(p) = p**3 + 8*p**2 + 4*p - 5. Let t be a(-7). Suppose -3*j + 17 = 5*n - 11, -2*n = 2*j - t. Is j a composite number?
True
Let f = -108 - -1177. Let l = f - 424. Suppose -l = 4*v - 2441. Is v composite?
False
Let j be 2/(-8)*2*-18. Let c be (-9 + 0)*(-1032)/j. Suppose -3*y + 2*v + c = 7*v, 2*y + 5*v - 693 = 0. Is y prime?
False
Let a(t) = -t**3 + 7*t**2 - t + 2. Let y(l) = -l**3 + 8*l**2 - l + 1. Let b(g) = -6*a(g) + 5*y(g). Is b(6) prime?
False
Suppose 0 = 14*p - 91400 - 24198. Is p a prime number?
False
Let q(l) = 3452*l**3 + 2*l**2 - 6*l + 5. Is q(1) prime?
False
Suppose 174872 = 6*h + 40964. Is (-3)/(-2) + h/4 a prime number?
True
Let u = 1931 + 600. Is u a prime number?
True
Let z(y) = y**3 - 2*y**2 + 9*y - 13. Suppose -5*u + 66 = -l + 18, -4*l + 33 = 5*u. Is z(u) a composite number?
True
Let m = -1839 + 549. Let f = m + 2407. Is f a prime number?
True
Let n = 7 - 6. Let o be -1 - (623 - (1 + n)). Let d = o + 995. Is d prime?
True
Suppose -y + 0*y = 4*p - 31, -5*y = -4*p + 37. Let m be (-136)/(-32) + (-2)/p. Suppose r - 3*w - 169 = -3*r, -209 = -m*r - 5*w. Is r prime?
False
Let p(c) = 152*c - 7. Suppose -4*k + 3 + 9 = 0. Is p(k) a composite number?
False
Suppose -2*a + 3*g - 2 = 4, -g + 2 = -4*a. Suppose j + 262 = 4*j + 4*z, a = j + z - 87. Is j prime?
False
Let m(h) = -h**2 + 14*h + 3. Let o be m(14). Suppose t - 4 = 0, 3*k + o*t = 2469 + 294. Is k a composite number?
True
Let c(m) = 467*m**2 - 20*m + 102. Is c(5) prime?
True
Let f = -20 - -19. Let o = f - -4. Suppose -4*j + 349 = o*u - 0*j, 4*u - 440 = j. Is u a prime number?
False
Suppose 37*u = 14*u + 565133. Is u prime?
True
Suppose -27*q + 279861 = 10239. Is q a prime number?
False
Suppose 0 = -2*d + 6*d - 8. Let j be (2 - d) + -1 + 1. Suppose j = 3*h - 4 - 8. Is h a prime number?
False
Suppose 0 = -11*z + 6*z + 5*s + 2695, 1084 = 2*z + s. Is z a composite number?
False
Let h(v) = 223*v - 1. Let f(d) = d**2 - 5*d + 2. Suppose 0 = -4*a + 3*j + 26, 0 = -5*a - 5*j + 15 - 0. Let l be f(a). Is h(l) a composite number?
True
Let i(d) = 2*d + 2*d - 5*d + 8 - 12. Let m be i(-7). Is m/5 + (-2744)/(-35) a composite number?
False
Let r be (0 - -764) + -2 + 5. Suppose -2813 = -5*z + 3237. Let g = z - r. Is g prime?
True
Let d(v) = -11*v + 55*v**2 - 51*v**2 + 13 + 12. Is d(12) a prime number?
False
Suppose 0 = -125*j + 148*j - 76061. Is j a composite number?
False
Suppose 0 = -3*w + 48411 + 23676. I